
Let m(k) be the second derivative of -k**4/12 - 7*k**3/6 + 5*k**2/2 - 2*k. What are the prime factors of m(-4)?
17
Let k(p) = 2*p**2 + p. Let l be k(-2). Let i(a) = a**3 - 6*a**2 + a + 6. Let y be i(l). Let q = y - 6. What are the prime factors of q?
2, 3
List the prime factors of (-4)/14 - 3406/(-14).
3
Let o = 5 - 5. Suppose o = -c - 6 + 15. Let q = c + 1. List the prime factors of q.
2, 5
Suppose 0 = -4*l + 96 - 28. Suppose -39 = -2*s + u, 2*u = -5*s + 4*s + l. What are the prime factors of s?
19
Suppose 3*b + 2*j + 711 = 8*b, -b = 2*j - 147. List the prime factors of b.
11, 13
Let w be (27/(-6))/(12/16). Let x(u) = -u + 5. What are the prime factors of x(w)?
11
What are the prime factors of (-4)/(-12) + 149/3?
2, 5
Let f be 4/(-6)*(-120)/10. Suppose 7*h - f*h = -26. List the prime factors of h.
2, 13
Let i(o) = 3*o + 47. List the prime factors of i(0).
47
What are the prime factors of (39/(-15) + 3)*115?
2, 23
Suppose t = -t. Suppose t = 3*n - 0*n - 27. What are the prime factors of n?
3
Suppose 2*c - 12 = -2*v + 2, -12 = 4*c. What are the prime factors of v?
2, 5
Suppose -2 = -x, -7*t - 4*x = -3*t - 224. What are the prime factors of t?
2, 3
Let z be (1/3)/((-1)/(-6)). Let m = z - -1. List the prime factors of m.
3
Let s be ((-830)/30)/((-2)/(-6)). Let w = -55 - s. What are the prime factors of w?
2, 7
Let f(x) = -43*x - 1. List the prime factors of f(-1).
2, 3, 7
Let a(t) = t**2 - 2*t - 4. Let v be 1/(((-3)/5)/(-3)). Let m be a(v). Let u = 16 - m. List the prime factors of u.
5
What are the prime factors of 455/20 - (-1)/4?
23
Let m(o) = o**3 + 12*o**2 - 8*o + 5. Let k(h) = -h**2. Let a(i) = 5*k(i) + m(i). What are the prime factors of a(-8)?
5
Suppose 5*r + 72 = 7*r. Suppose 4*i + 0*i = r. List the prime factors of i.
3
Suppose u - 4*u = 5*m - 31, 4*m - 22 = -u. Suppose 3*k + 7 - 30 = -m*h, -4*h = -2*k - 14. List the prime factors of h.
2
List the prime factors of 2/7 - (-7 + 16/7).
5
Let y = -19 - -32. Suppose 3*d = -y + 1. Let z = 2 - d. What are the prime factors of z?
2, 3
Let n be -75*(-7)/((-42)/(-4)). Suppose -4*o + 5*b = o - n, -4*b + 95 = 5*o. List the prime factors of o.
3, 5
Let k(j) = -3*j - 3. Let v be k(-2). Suppose -6 + 2 = 4*w, -5*w = v*c - 22. What are the prime factors of c?
3
Suppose 3*k - 121 = 125. What are the prime factors of k?
2, 41
Let o(f) = f**3 - 7*f**2 + f + 21. List the prime factors of o(8).
3, 31
Let y be (-1722)/(-27) + 2/9. Suppose 3*o - y = 17. What are the prime factors of o?
3
Let o(y) = y + 1. Let h be o(1). Suppose -h*c + 11 = -c. What are the prime factors of c?
11
Suppose 8 = 4*o - 0*o. Suppose o*t - 13 = 5*k, k + 5 = -4*k. What are the prime factors of t?
2
List the prime factors of ((-1)/(-2))/((-1)/(-56)).
2, 7
Let i be 2/(-2)*(0 - 2). Let h(t) = i*t**2 + 0 - t**2 + 6*t + 2. List the prime factors of h(-6).
2
Let v = -8 - -13. Suppose -11 - 14 = -v*t. List the prime factors of t.
5
Let j(a) = 2*a + 5 - 5. Let k be j(1). Suppose 4 + 6 = k*i. List the prime factors of i.
5
Let i(r) = -6*r + 4. Suppose y = j - 0*y, -4*j + 3*y + 3 = 0. Let z be i(j). Let f = z + 25. List the prime factors of f.
11
Suppose h + 0*h - 25 = -3*s, -3*h + 2*s + 130 = 0. List the prime factors of h.
2, 5
Suppose -o - 3*q + q = 0, -3*q + 22 = -4*o. Let v = o - -4. Suppose 2*z = -v*z + 24. What are the prime factors of z?
2, 3
List the prime factors of 4/((-4)/(-4)) - -69.
73
Suppose -3*w - 20 = 22. Let d be (-252)/66 + 2/(-11). Let n = d - w. What are the prime factors of n?
2, 5
Suppose -2*n - 452 = -4*m - 5*n, 0 = -5*m + n + 546. What are the prime factors of m?
2, 5, 11
What are the prime factors of (-5 + 2)*2/(-6)*181?
181
Suppose -3*a + 33 = 4*s, a + 3*a - 44 = -4*s. Suppose 2*n = 5*z - 106, 0*n = z + 3*n - a. What are the prime factors of z?
2, 5
Suppose -w + 3 = 3*b, -3*b + 4 = 1. Let d = 2 + w. Suppose -2*a + 20 = d*a. What are the prime factors of a?
5
Suppose 3*g + 0 = 9. Suppose 105 = g*t - 6. List the prime factors of t.
37
Let k = -72 + 210. What are the prime factors of k?
2, 3, 23
Let r = 11 + -32. Suppose 4*j - 5*u + 251 - 78 = 0, -5*j - 212 = -2*u. Let c = r - j. What are the prime factors of c?
3, 7
Let d(v) = 1. Let q(t) = -6*t + 15. Let b(c) = -15*d(c) + q(c). Let m(s) = -s. Let g(p) = 3*b(p) - 16*m(p). What are the prime factors of g(-4)?
2
List the prime factors of 11/(1/(4/4)).
11
Let h(i) = -69*i - 83. List the prime factors of h(-6).
331
Suppose -2*x = -9 - 1. Let w = 7 - x. What are the prime factors of w?
2
What are the prime factors of (-4)/10 - 1869/(-35)?
53
Suppose -17 = -s + 48. List the prime factors of s.
5, 13
Let f(m) = m. Let s be f(0). Let w be 3 - (-1 - -2) - s. List the prime factors of (6/(-4))/((-1)/w).
3
Suppose 435 = g + 4*g. What are the prime factors of g?
3, 29
Let n be 1/4 - 14/(-8). Suppose 3*x - 2*g - 11 = 0, 0 = 2*g - 4*g + 4. Suppose -n*f - 18 = -x*f. What are the prime factors of f?
2, 3
Suppose 4*y = -4*x + 30 + 38, 2*y - x = 25. What are the prime factors of y?
2, 7
Suppose -48 = 5*w - 2*w. Let c = -2 - w. What are the prime factors of c?
2, 7
Suppose 4 = -4*o - 4*g, -7 = -4*o + g + 4. Suppose 3*d + 5*u - 7 = 0, -2*u = -3*d + o*u + 43. List the prime factors of d.
3
Let w = 88 - 40. List the prime factors of w.
2, 3
List the prime factors of (-8 - 6)*((-126)/4)/3.
3, 7
Suppose -4*l + 0*b + 5*b = -164, 2*l = -3*b + 104. What are the prime factors of l?
2, 23
Let l(b) = -6*b**2 - b - 1. Let z be l(2). Let g = -9 - z. List the prime factors of g.
2, 3
Suppose -3*m = m. What are the prime factors of (17 - (m + 3)) + 0?
2, 7
Let s = -3 + 3. Suppose x + 0*x = 3*o - 5, 0 = -o + 2*x. Let v = o + s. What are the prime factors of v?
2
Let m be 338/(-7) + (-10)/(-35). Let h = 80 + m. Let x = -16 + h. What are the prime factors of x?
2
Suppose 0 = 4*d + 12, 2*d = 3*f - 107 + 35. What are the prime factors of f?
2, 11
Let g(u) = -u + 1. Let d be g(-4). Suppose -j - 1 + d = 0. Suppose 3*s = -j*t - 7 + 51, 0 = 2*s + t - 21. List the prime factors of s.
2
Let z = -2 - -9. List the prime factors of z.
7
Let k = -3 + 5. Suppose 4*x + 46 - k = 0. Let m(z) = z**2 + 9*z - 3. What are the prime factors of m(x)?
19
Suppose 4 + 64 = -r. Let x = 103 + r. What are the prime factors of x?
5, 7
Let p = 11 + -8. Let l be p/6 - 54/(-4). Suppose 27 = 5*o + 3*g, 4*o - l = -g + 2. What are the prime factors of o?
3
Let q = -10 + -8. Let o = 30 + q. List the prime factors of o.
2, 3
Let g(u) = u + 16. Let v be g(0). Let y = -5 + v. Suppose 0*b - y = -b. List the prime factors of b.
11
Suppose -300 = o + o. List the prime factors of o/(-22) + (-2)/(-11).
7
Let i(k) be the second derivative of k**4/2 - k**3/6 + k. Let f = 0 - 1. List the prime factors of i(f).
7
Let p(g) = g**3 - 2*g**2 + 2*g - 6. List the prime factors of p(3).
3
Let j(a) = 4*a**2 - a - 3. What are the prime factors of j(-3)?
2, 3
What are the prime factors of 108/(-2 + -2)*8/(-6)?
2, 3
Suppose -2*d = -b + 10, -5*b + 38 = -2*d + 4. List the prime factors of b.
2, 3
Let t be 4 - (0/2)/3. Suppose k = 2*r + 4, r - 16 = -3*r - 4*k. Suppose 2*m = -r + t. List the prime factors of m.
2
Let f(j) be the first derivative of -j**4/4 - 10*j**3/3 + 4*j**2 - 15*j - 1. Let s be f(-11). What are the prime factors of 266/s - 12/(-54)?
3, 5
Let r(b) = -b**3 - 2*b**2 + 10*b + 10. What are the prime factors of r(-7)?
5, 37
Let m be 6/33 - 272/44. Let l(z) = -z**3 - 8 + 0*z**2 - 2*z**2 - 3*z**2 + 3*z. List the prime factors of l(m).
2, 5
Let u = 9 + -34. Let h be 1*-1 + u/(-5). Suppose 0 = h*t + s + 4*s - 30, 0 = -s + 2. List the prime factors of t.
5
What are the prime factors of -3 - 0/(-4) - -74?
71
Suppose p + 270 = 4*p. Suppose -u + 12 = 3*t - 16, -4*u = t - p. What are the prime factors of u?
2, 11
Let y(u) = -159*u - 2. List the prime factors of y(-1).
157
Suppose -2*i = 3*n - 6*i - 35, -2*n = 5*i + 15. Suppose 5*l - n*z = 95, 0*l + 5*l + 2*z = 130. List the prime factors of l.
2, 3
Suppose 0*m = -4*m + 5*r - 15, 0 = 3*m - r + 3. Suppose m = -5*n + n + 96. Let d = 41 - n. What are the prime factors of d?
17
Suppose -297 = -2*n + k, 2*n - 4*k - 443 = -n. List the prime factors of n.
149
Let c be (1 + 0)/(-1)*-44. Suppose -9*q - c = -11*q. List the prime factors of q.
2, 11
Let k(h) = -3 - 2 + 3*h - h**2 + 3. Let s be k(2). Let w = 6 + s. What